g - -686. Calculate the greatest common factor of x and 45.
45
Let g(n) = n**3 + 6*n**2 + 6*n - 6. Let s be g(-4). Let h be ((-134)/s)/(6 - 407/66). What is the highest common factor of h and 6?
6
Suppose 4*u - 8 = -5*i + 4594, 2*u - 2760 = -3*i. What is the greatest common factor of i and 882?
18
Suppose 3*g + 980 = -2*b + 3*b, -g = 5*b - 4900. Suppose 0 = 4*a + 5*c - b, -5*a - 504 = -7*a + c. What is the greatest common factor of 20 and a?
10
Let c(o) = -16*o**2 + 149*o + 373. Let v be c(11). Let f(d) = -41*d + 4. Let n be f(-5). Calculate the highest common factor of n and v.
19
Let t be (27/(-15))/(20 + 21015/(-1050)). What is the greatest common factor of t and 2198?
14
Let f(r) = r - 13. Let h be f(16). Suppose -3*b + 7*n + h = 4*n, 4*n = 0. Let q be 61/7 - 2/(-7). Calculate the highest common factor of b and q.
1
Suppose -5*n + 2*i = i - 11, 2*n + 4*i = 0. Suppose 7*a - 70 = n*a. What is the highest common factor of a and 126?
14
Let g(d) = -d**3 + 9*d**2 - d + 13. Let f be g(9). Let j be 2/((-234)/238 + 1) + f. Calculate the greatest common factor of 41 and j.
41
Suppose 0 = 4*h - 4*r - 80, 4*h - 8*h + 3*r = -81. Suppose -2*l = -3 - 39. What is the highest common factor of h and l?
21
Let g(x) = -2*x**3 + x - 1. Let q(u) = 5*u**3 - 19*u**2 - 2*u + 32. Let s(l) = 2*g(l) + q(l). Let a be s(19). What is the greatest common divisor of 110 and a?
10
Let p be (-44)/(-12) + (-9)/((-135)/(-10)). Suppose 46 = p*x - 14. What is the greatest common divisor of 50 and x?
10
Let u be (-6)/(-30) - (-4963)/35. Let w = 826 + -578. Let n = u + w. Calculate the highest common factor of n and 39.
39
Let o be (-3 + 1 + 2)/(-2). Suppose 8*m + 160 + 160 = o. Let a be ((-70)/m)/(3/36). What is the greatest common factor of a and 189?
21
Let f(l) = -14*l - 187. Let d be f(-17). Suppose -50*r + 49 + d = 0. What is the greatest common factor of r and 6?
2
Suppose 3*d = -2*g + 14686, 2*d + 3*g = 4*d - 9808. Calculate the highest common factor of d and 158.
158
Let m = -86 + 78. Let b be m/14 - (-3948)/49. Calculate the highest common divisor of b and 10.
10
Let n = -23151 - -24291. What is the greatest common factor of n and 660?
60
Suppose -398 = -2*w + 2*n, w - 26*n - 247 = -31*n. What is the highest common factor of 552 and w?
69
Suppose -7887 - 163 = -25*f. What is the greatest common divisor of 882 and f?
14
Suppose 7*g + 142436 = 38*g - 113035. Calculate the highest common factor of 134 and g.
67
Let z(c) = -c + 5. Let g be z(4). Suppose 29*w - 28*w = 4*n + 228, -5*w = 2*n - 1250. Let y be g/3 + w/12. What is the highest common divisor of y and 147?
21
Suppose 161 + 231 = -7*i. Let w be 2/(-7) - 9032/i. What is the highest common factor of w and 92?
23
Let i be (18 - 30/(-6)) + -3. Calculate the greatest common divisor of i and 764.
4
Let z be 27/36 - 6170/(-40). Calculate the highest common divisor of 403 and z.
31
Let r(c) = c**2 - 7*c + 13. Let j be r(6). Let d be 464/14 + (-1)/j. What is the greatest common factor of 22 and d?
11
Let v(k) be the second derivative of -k**4/12 + 7*k**3/3 + 79*k**2/2 + 20*k. Let n be v(17). Calculate the highest common factor of 308 and n.
28
Let o(m) = m**2 + 54*m + 696. Let t be o(-16). Calculate the highest common factor of 5588 and t.
44
Let s = 211 - 146. Suppose -s = -5*r - 4*m, r - 17 - 5 = m. Suppose r*p - 16*p - 26 = 0. What is the highest common divisor of 208 and p?
26
Suppose m + 76 = 4*i, m + 2*i + 47 + 35 = 0. Let n = m - -120. Let a be 72/5 - (-24)/n. Calculate the highest common divisor of a and 30.
15
Let h be (96 - -4)*(6 - 5). What is the highest common divisor of 7100 and h?
100
Suppose 4*t - 12 = -2*q, -36*t = -41*t + 3*q + 37. Suppose 2*z - 121 = -5*a - z, -89 = -4*a - t*z. What is the greatest common divisor of 91 and a?
13
Let v(t) = t**3 + t**2 + t + 3872. Let b be v(0). What is the highest common divisor of b and 48?
16
Let b be (-3123)/(-33) + (-120)/(-330). Suppose 4*z = -21 + 97. What is the greatest common factor of z and b?
19
Let k be (2/(52/(-169)))/(((-6)/(-4))/(-3)). What is the highest common divisor of k and 10361?
13
Let u be (((-7)/(-5))/(3/99))/(2/30). Calculate the highest common factor of 385 and u.
77
Let i be (60/(-42))/((-1)/7). Let y be 10/(-15) + 22/6 + -1. Suppose 0*q - y*c - 144 = -2*q, 5*c - 340 = -5*q. What is the greatest common divisor of q and i?
10
Let b(m) = 4*m**2 - 98*m - 24. Let g be b(26). Calculate the greatest common factor of 220 and g.
44
Suppose -7210 = -7*m + 7287. What is the highest common factor of m and 327?
109
Suppose 0 = g + 2*m + 1 - 2, 4*g = 5*m + 4. Let u be ((-153)/34)/(g/(-2)). Let n = 10 - 4. Calculate the highest common divisor of n and u.
3
Suppose 10*c - 160 = -0*c. Let t be (-5)/40 + 4210/c + -3. Calculate the greatest common divisor of t and 104.
52
Let w(f) = 732*f - 115240. Let g be w(158). Suppose 0 = -4*u + 3*c + 61, -u = 4*u - c - 68. Calculate the highest common divisor of u and g.
13
Let q = -409 - 411. Let a = 954 + q. Calculate the highest common factor of 201 and a.
67
Let a be 0/(5/(4 - 9))*-1. Suppose a = -7*k + 3*k - 4*w + 120, -w = -3*k + 70. Calculate the greatest common divisor of k and 75.
25
Let k = -3077 - -3080. Let h(i) = 17*i + 3. Let m be h(3). Suppose k*g = m - 48. What is the greatest common factor of g and 2?
2
Let w = -35318 + 35414. What is the greatest common factor of w and 4164?
12
Let t(m) = -12*m + 4*m + 6*m + 8 - 3. Let q be t(2). Suppose 0 = p - 0 - 8. What is the greatest common divisor of p and q?
1
Suppose -27*b - 6*b + 3969 = 30*b. Calculate the highest common divisor of b and 4221.
63
Let z = -5411 + 5445. Calculate the greatest common divisor of 1377 and z.
17
Let u be 0 + 11 - (3 + -8). Let n = 415 - 409. What is the highest common factor of n and u?
2
Suppose -5*x + 3861 = o, 11498 = 3*o + 5*x - 7*x. What is the highest common factor of 56 and o?
28
Let q be -1*(6/(-8) - (-399)/(-28)). Let c be (2808/(-30))/12*-5*5. Calculate the highest common divisor of q and c.
15
Suppose 11357 = 9*z + 845. Calculate the greatest common factor of z and 240.
16
Let s(o) = -44*o**3 + 2*o**2 - 2*o + 1. Let j be s(1). Let n = 56 + j. Suppose 9*x - 102 - 1185 = 0. Calculate the highest common factor of x and n.
13
Suppose 13*w - 2*i - 710 = 12*w, 0 = -4*w + 3*i + 2815. Suppose -14*u + w = -7*u. Calculate the greatest common factor of 10 and u.
10
Suppose 6*h + 24025 = 37*h. Calculate the greatest common factor of h and 125.
25
Let i(b) = b**3 + 7*b**2 + 7*b + 6. Let n be i(-6). Suppose 3*u + 0 - 15 = n. Suppose u*f = 13 + 17. What is the highest common divisor of 30 and f?
6
Let j(h) = h**3 + 16*h**2 + 27*h - 8. Let n be j(-14). Let w be n/30 - 196/(-20). Let z = 116 + -76. Calculate the greatest common divisor of w and z.
10
Suppose -3*y + 0 + 9 = 0. Suppose -2*t - 3*o + 53 = 0, -2*t + 35 = -0*o - y*o. Calculate the greatest common factor of t and 55.
11
Suppose 43*h - 30*h = 858. Calculate the greatest common factor of h and 1023.
33
Let i be 20 - (4 + (-4 - 0))/2. Suppose 88 = 4*x + i. What is the highest common divisor of x and 1?
1
Let y be (-7)/(-21) - (-20)/3. Suppose -5*d - 6 = -y*d. Suppose 5*i = d*j + 156, 69 = 4*i - 2*i + j. Calculate the greatest common divisor of i and 22.
11
Suppose 23*o = 33*o - 2020. Let x = o + -190. What is the highest common factor of x and 44?
4
Let h = -8333 + 8357. Calculate the highest common divisor of h and 482.
2
Let f = 283 - 46. Let l = f - -43. Calculate the highest common factor of l and 28.
28
Suppose 526 = -23*o + 1745. Suppose 4*g = 20, -g - 4*g - o = -3*j. Calculate the highest common factor of j and 78.
26
Let b(t) = 54*t - 428. Let l be b(8). What is the greatest common divisor of l and 164?
4
Suppose 2060 - 2242 = -13*s. Suppose -2*j - 5*n - 98 = 0, j + 3*n + 47 = -0*n. Let r = j - -101. Calculate the highest common divisor of r and s.
14
Let o(h) = 43*h + 1445. Let v be o(0). Let a be 70/(-14)*1 - (-1 - v). Calculate the greatest common divisor of a and 11.
11
Let z(f) = 4*f**3 - 2*f + 2. Let x be z(1). Suppose 0 = -3*j - 2*c + 154, 8*j = 3*j - x*c + 260. Let l = j + -34. What is the highest common factor of 49 and l?
7
Let i be 3 - -4 - (4 + -5). Let r = i + -4. Suppose 38 = -r*j + 246. What is the highest common divisor of j and 13?
13
Let k = 24148 - 2387